*m = -33*m + 1827. What is the remainder when 101 is divided by m?
14
Let y be (-1 - -1)/(12/12). Suppose -b + 2 = 3*k - 3, y = 5*b - 2*k - 76. What is the remainder when 54 is divided by b?
12
Let p(m) = 0*m**2 - 17*m - 5*m**2 - 37 - 3*m**2 + 7*m**2. Suppose 5*n + 75 = 295. Calculate the remainder when n is divided by p(-13).
14
Suppose 0 = u - 3*d - 125, u + 5*d - 51 - 106 = 0. What is the remainder when u is divided by 34?
1
Calculate the remainder when ((-393)/60 + 2/(-10))*-4 is divided by 4.
3
Suppose -9 = 111*b - 112*b. Suppose b*w = 7*w + 30. What is the remainder when 42 is divided by w?
12
Let x = -17 + 37. Suppose 3*a - 589 = -3*s + 4*a, -779 = -4*s - 5*a. Let r = s - 138. Calculate the remainder when r is divided by x.
18
Suppose 0 = -31*g - 34*g + 715. What is the remainder when 96 is divided by g?
8
Calculate the remainder when 20 is divided by (-1)/1*1 - -8.
6
Suppose 0 = -m - 4*l + 334, -5*m + 36*l = 32*l - 1790. Calculate the remainder when m is divided by 20.
14
Let a = -330 + 392. What is the remainder when 125 is divided by a?
1
Suppose z + 304 = 370. What is the remainder when z is divided by 34?
32
Suppose w = 5*u - 820, 0 = -4*u - 2*w + 262 + 408. Calculate the remainder when u is divided by 28.
25
Let c(t) = -t**2 - 2*t - 2. Let u be c(-4). Let f(v) = -2*v**2 - 24*v - 6. What is the remainder when f(u) is divided by 9?
7
Let p be 4350/42 + ((-27)/(-21))/3. Let x = 208 - p. What is the remainder when x is divided by 53?
51
Suppose 0 = 3*m - 5*m - 470. Calculate the remainder when 2/8 + m/(-4) is divided by (-30)/4*(-5 - -3).
14
Suppose 0 = 10*z - 8*z - 128. Let j = 121 - z. What is the remainder when j is divided by 15?
12
Let j = 9 + 2. Suppose j*k = -63 + 195. Calculate the remainder when 22 is divided by k.
10
Let x(o) = 3*o - 98. Calculate the remainder when x(39) is divided by 11.
8
Suppose -350 = 15*i - 635. Calculate the remainder when 1841 is divided by i.
17
What is the remainder when 291 is divided by -49*(-24)/(-112)*-4?
39
Let y = 37 - 23. Let z = -3222 - -3228. What is the remainder when y is divided by z?
2
Suppose 2*n + 6*w = w + 63, 120 = 5*n + 5*w. Suppose 3*s - n = 53. What is the remainder when s is divided by 14?
10
Suppose -37*b = -30*b - 140. Calculate the remainder when 497 is divided by b.
17
Suppose 0 = -236*n + 232*n + 284. What is the remainder when n is divided by 21?
8
Suppose -498 = -4*j + 694. What is the remainder when j is divided by 75?
73
Let v(u) = -6*u**3 + u**2 - 2*u - 2. Suppose -4*j - 20 - 4 = 4*n, 2*n + 4*j + 22 = 0. What is the remainder when 32 is divided by v(n)?
4
Suppose -3*f + 5 = 3*y + 26, -y + f = 5. Let z = 12 + y. Suppose 645 = z*u - u. Calculate the remainder when u is divided by 33.
30
Let o(b) = b**3 + 8*b**2 - 24*b - 33. Calculate the remainder when 89 is divided by o(-10).
5
Let v(b) = 26*b**2 - 6*b - 14. Calculate the remainder when v(3) is divided by 51.
49
Let z = -1591 + 1602. Let u = -19 + 51. What is the remainder when u is divided by z?
10
What is the remainder when 714 is divided by (39/(-60))/(2/(-8))*5?
12
Let k be 35 + (-5)/((-15)/12). Let s = -31 + k. Calculate the remainder when s is divided by 5.
3
Suppose -19*x = -18*x - 3. Let b(r) = 3*r - 3. Let o = -10 + 14. What is the remainder when b(x) is divided by o?
2
Suppose -5*a + 46 = b, 3*b - a + 194 = 6*b. Suppose 15*f = -13*f + 644. What is the remainder when b is divided by f?
20
Let k = 19 - 12. Suppose -j = 5*l - 0*j - 25, 0 = l - 5*j - 5. Suppose l*p + 4 = 24. Calculate the remainder when k is divided by p.
3
Let u(l) = 3*l**2 + 2*l + 5. Let x be u(-3). Suppose x = 3*v - 25. What is the remainder when 31 is divided by v?
14
Suppose -713 = -25*c + 1937. Calculate the remainder when c is divided by 12.
10
Let o = 506 - 296. Calculate the remainder when o is divided by 44.
34
Let m be (-2 - (-4)/2)/(-2). Suppose -40 = -m*x - 4*x. Suppose 2*u = -3*h + 114, h = u + u + 38. What is the remainder when h is divided by x?
8
Let i = 0 + 1. Let k be -17*i*(0 - 1). Suppose 58 = 5*c - k. What is the remainder when 41 is divided by c?
11
Let t = 33 + -23. What is the remainder when 29 is divided by t?
9
Let u be 2/8 - (-2)/(-8). Suppose 2*d - 244 + 70 = u. Let r(c) = 19*c**3 + 9*c**2 + 2*c - 8. Calculate the remainder when d is divided by r(1).
21
Let q(w) = 9*w + 7. Suppose 0*p = 3*k - p - 106, 2*p + 140 = 4*k. Let a = 54 - k. Calculate the remainder when q(5) is divided by a.
16
Let n = -805 - -962. Calculate the remainder when n is divided by 5.
2
Suppose 0 = 3*s + 73 - 439. Suppose -b + 3*f = -2*f - 69, 2*f - s = -3*b. Calculate the remainder when 62 is divided by (b - -4)*1/3.
14
Suppose 0 = -9*g - 492 + 528. Calculate the remainder when 114 is divided by g.
2
Calculate the remainder when 27*1 - 14/7 is divided by (-1 - -2)/(2/26).
12
Let h(d) = -45*d - 289. What is the remainder when h(-11) is divided by 64?
14
Let h be (-36 - (4 + -2))/(-2). Suppose -5*m - 2*o = -54, 4*o - 19 = -3*m + h. What is the remainder when 2/m + (-12)/(-15) is divided by 1?
0
Let m be 1/5 - (11/5 + -2). Suppose -4*q + 171 + 49 = m. What is the remainder when q is divided by 19?
17
Suppose -6*o + 6 = -6. Let x = -8 + 10. Calculate the remainder when x is divided by o.
0
Let p be 1 - 4/2*1. Let k(f) = -14*f - 1. Let t = -12 + 61. Calculate the remainder when t is divided by k(p).
10
Suppose 4*o + 0*g - g - 326 = 0, -5*o + 403 = g. What is the remainder when o is divided by 24?
9
Suppose 3010 = 25*r + 885. What is the remainder when r is divided by 29?
27
Suppose 224 = -46*m + 54*m. What is the remainder when 41 is divided by m?
13
Let g be 6/9 - 8/(-6). Suppose 4*h = -h + 4*f + 255, g*h = -2*f + 84. Calculate the remainder when h is divided by 10.
7
Suppose d = 28 - 26. What is the remainder when (9/4)/(4/16) is divided by d?
1
Let v = -1331 - -1339. Let t be 1 - (-3*1 + 2). Suppose -t*r + 4*r - 2 = 0, -2*u - r + 63 = 0. Calculate the remainder when u is divided by v.
7
Let q(d) = d**3 - 2*d + 77. Let h = -43 + 43. What is the remainder when q(h) is divided by 21?
14
Suppose 0 = -0*a - 5*a - 20. Let d = a + 12. Let l = -2997 - -3027. What is the remainder when l is divided by d?
6
Let p(b) = 54*b**3 - 2*b**2 - 3*b + 2. Calculate the remainder when 200 is divided by p(1).
47
Let t(i) = 4*i - 47. Let x be t(11). What is the remainder when 4 + 455/15 - (-1)/x is divided by 13?
8
Suppose 0 = f - 1 - 2. Suppose -6*y - 5*t = -f*y + 5, 3 = -3*t. Suppose -3*p = y, 3*c - 4*p + 0*p - 27 = 0. What is the remainder when c is divided by 3?
0
Let k(a) = 4*a - 114. Calculate the remainder when 55 is divided by k(31).
5
Calculate the remainder when (1/2)/(2/16) is divided by -5*((-642)/30 + 21).
0
Suppose 5*t - 3*k - 254 = 0, 0*t - 4*t = -3*k - 202. What is the remainder when t is divided by 32?
20
Suppose 0 = -s + 3*v - 20, -2*v = -v + 3. Let x = 33 + s. What is the remainder when 19 is divided by x?
3
Suppose -30*h + 41*h - 1386 = 0. Calculate the remainder when h is divided by 8.
6
Let i = 138 - 37. Suppose 0 = 11*c - 519 - 306. Suppose 4*l - 2*s = 110, 0 = 6*l - 3*l + s - c. Calculate the remainder when i is divided by l.
23
Let y = 41 - 24. Calculate the remainder when (6/(-4))/((-17)/544) is divided by y.
14
Let l = -511 + 537. Calculate the remainder when 803 is divided by l.
23
Let y(h) = 4*h + 37. Let j be y(-7). Suppose -p = j - 12. What is the remainder when 8 is divided by p?
2
Suppose 40 = l + l. Suppose a - 6*a = -l. Suppose -3*f + 8 = f. What is the remainder when a is divided by f?
0
Calculate the remainder when 245 is divided by ((-1416)/14)/(-2) + 51/119.
41
Let f(q) = -18*q - 82. Let t = 0 + 3. Suppose 0 = 2*o + 3*s - 25, -s + 40 = t*o - 1. Calculate the remainder when f(-6) is divided by o.
12
Suppose -2*p - x + 5 = 3, p + 4 = -3*x. Suppose 2*r = -0*f + p*f - 60, 3*r = 2*f - 64. Calculate the remainder when f is divided by 14.
12
Calculate the remainder when -9*9/(-162) - (-611)/2 is divided by 6.
0
Let n = 444 - 381. Calculate the remainder when 879 is divided by n.
60
Let f(c) = c**2 - 5*c - 6. Let k be f(5). Let a(t) = -12*t - 39. Calculate the remainder when a(k) is divided by 9.
6
Let n be -3 + 0/5 + 7. What is the remainder when 4644/30 + n/20 is divided by 26?
25
What is the remainder when (0 - 1)/((-897)/128 - -7) i